ded by b(-13).
18
Let i = -60 + 72. Calculate the remainder when 58 is divided by i.
10
Let d = -4 - -7. Suppose -4*n + 42 = 2*b, -3*b + d*n + 152 = 44. What is the remainder when 123 is divided by b?
30
Suppose -2*d = -d + 57. Let f = -27 - d. Calculate the remainder when f is divided by 16.
14
Let q = -9 - -28. Suppose -4*j - 7 = -q. What is the remainder when 8 is divided by j?
2
Suppose 8 = d - z - 0*z, 68 = 5*d + 2*z. Calculate the remainder when 33 is divided by d.
9
Suppose -4*c - 318 = -6*c - 5*w, -4*w = -3*c + 523. What is the remainder when c is divided by 58?
53
Suppose 8 = 4*u - 0*u. Suppose 0*x + 3*x + 41 = 5*r, -46 = -4*r - 2*x. Calculate the remainder when r is divided by ((u - 0)*2)/1.
2
Suppose -2*s = -0*s - 14. Suppose h - 1 = s. Suppose -4*m + 0 = -h. What is the remainder when 7 is divided by m?
1
Suppose 2*v + j + 2 = 0, 4*j = 4*v - 21 + 1. Let u = -25 - -39. What is the remainder when (2 - v)/(-1) + 41 is divided by u?
12
Let i(o) = o**2 + o - 1. Let c(w) = -w**2 - w - 1. Let v(u) = -2*c(u) + i(u). What is the remainder when v(4) is divided by 16?
13
Suppose 0 = 3*d - 45 - 75. Calculate the remainder when d is divided by 22.
18
Let j be (-1*20)/(-7 - -6). Suppose 3*l - j = -5. What is the remainder when l is divided by 4?
1
Suppose -2*d - 180 = -5*j + 3*d, -d = 2*j - 66. What is the remainder when 60 is divided by j?
26
Let y(l) = 5*l**3. Calculate the remainder when 18 is divided by y(1).
3
Calculate the remainder when 20 is divided by 10 + (1 - (-4 - -6)).
2
Let p be (1*-3)/(9/(-6)). Let m be -1 + 3 - 0/(-2). Suppose 0 = p*k + 2, 5*j - m*j = -k + 26. Calculate the remainder when 17 is divided by j.
8
Calculate the remainder when 4*(-1 - (-30)/4) is divided by -21*(4/3 + -2).
12
Let q be 1/(-2 + (-18)/(-8)). Let n = -2 + q. Suppose 0 = t + 3*b + 5, -n*b - 13 = -3*t - 4*b. Calculate the remainder when t is divided by 4.
3
Let r = -6 + 12. Let n(t) = t - 4. Calculate the remainder when 9 is divided by n(r).
1
Let o(g) = g**3 + 7*g**2 + 4*g - 7. Suppose 0 = -5*i - 0*i + 40. Suppose 3*b - i = 31. Calculate the remainder when b is divided by o(-6).
3
Let h(b) = -b**2 - 7*b + 8. Let s be h(-7). Calculate the remainder when 97 is divided by (-4)/s*(-100)/2.
22
Suppose 5*q = -4*i + 28, 4*i + 4*q - 28 = 7*q. What is the remainder when i is divided by 3?
1
Suppose 2*w + 85 = 5*s, -4*w + 5*w = -s + 10. Calculate the remainder when 51 is divided by s.
6
Suppose -4*o - 13 + 57 = 0. Calculate the remainder when o is divided by 6.
5
Let c(y) = -22*y + 2. Let u be c(2). Let i = -9 - u. Let m = -20 + i. What is the remainder when 23 is divided by m?
10
Let j(y) = -5*y + 7. Let w be 6/(-8) + 18/(-8). What is the remainder when 85 is divided by j(w)?
19
Let d(i) = -i**2 - 5*i + 3. Let q be d(-3). Let n(z) = 16*z**2 + 1. What is the remainder when (100/6)/(3/q) is divided by n(1)?
16
Let a(w) = -7*w + 3. Suppose 3*r + 435 = 5*o, -r - 445 = -0*o - 5*o. Calculate the remainder when o is divided by a(-4).
28
What is the remainder when (-2)/6 - 381/(-9) is divided by 15?
12
Let k(o) = 8*o**2 + 4*o + 2*o - 4*o + 1. Suppose -4*d + 1 = 5. What is the remainder when 19 is divided by k(d)?
5
Let o be (-3 - -1)*3/(-2). Suppose 0 = o*h - 18 - 36. Calculate the remainder when 52 is divided by h.
16
Let q be 4/1 + -2 + 1. Suppose q*n - 112 = -n. What is the remainder when n is divided by 10?
8
Suppose -130 = -5*r + 5*x, 0 = -5*r + x + 150 - 24. Calculate the remainder when r is divided by 9.
7
Let g(v) = -9*v - 1. Let f be g(-2). Let s = f + -11. What is the remainder when 10 is divided by s?
4
Let c(s) = 3*s**2 - s + 1. Let u be c(-2). Calculate the remainder when 4 is divided by (18/15)/(6/u).
1
What is the remainder when (116/(-16))/((-5)/40) is divided by 20?
18
Let f(c) be the second derivative of -c**5/20 + c**4/4 - c**3/6 - c. Let x be f(3). Calculate the remainder when 2 - x/(9/12) is divided by 4.
2
Let w(t) = -8*t - 1. Calculate the remainder when w(-1) is divided by 4.
3
Calculate the remainder when 18 is divided by 1*(0 + 7) + -2.
3
Let k = -5 + 13. Let p(g) = g**2 + 32*g + 61. Calculate the remainder when p(-30) is divided by 6/k + 2/8.
0
Let p = 30 - 15. Calculate the remainder when p is divided by 6.
3
Let p(w) = -6*w + 52. Calculate the remainder when 28 is divided by p(7).
8
Suppose 6 = 3*a, 5 = -4*f - a - 1. Calculate the remainder when 65 is divided by (21 - 0) + (f - -3).
21
Let s(c) = c**3 + c**3 - c**2 + 2*c - 4 - 3*c**3 + 0. Suppose -5*r = 16 - 41. What is the remainder when s(-3) is divided by r?
3
Suppose -28 = -3*y + 11. Calculate the remainder when 23 is divided by y.
10
Let m(a) = -a**3 + 5*a**2 - 5. What is the remainder when m(3) is divided by 6?
1
Suppose -5*i + 82 = 17. Calculate the remainder when 41 is divided by i.
2
Suppose 4*k + k - 290 = 0. Calculate the remainder when k is divided by 15.
13
Suppose -3*o + 5*o = 22. Let k = -4 - -4. Let w(x) = -x**2 + 32. What is the remainder when w(k) is divided by o?
10
Suppose 10 = 5*x - 0. Suppose 12 = r + x*r. Calculate the remainder when 10 is divided by r.
2
Let s(n) = 9*n - 14. Let q = 45 - 30. What is the remainder when s(8) is divided by q?
13
Let y(v) = 5*v**3 + 2*v**2 - v - 2. Calculate the remainder when y(2) is divided by 19.
6
Suppose -3*k = 2*k - 65. Calculate the remainder when 36 is divided by k.
10
Let d(q) = -q. Let z = -8 - -13. Calculate the remainder when z is divided by d(-3).
2
Suppose i + i - 4 = 0. Let n(d) = -2*d + 13. Calculate the remainder when i is divided by n(6).
0
Let r = -75 + 119. Suppose -2*z + r = 2*z. Calculate the remainder when 41 is divided by z.
8
Suppose -21 - 3 = -p + c, -3*p + 5*c = -66. Calculate the remainder when 51 is divided by p.
24
Let k(x) = -3*x**3 + x**2 + 2. Let v(z) = -z**3 - 6*z**2 - 2*z - 1. Suppose 0 = -a - 3 - 3. What is the remainder when k(-2) is divided by v(a)?
8
Suppose 3*q - 533 - 433 = 0. Suppose 4*p = 538 + q. Suppose 0 = v - 6*v + p. Calculate the remainder when v is divided by 15.
13
Let p = 132 - 94. Let a = -15 + 25. Calculate the remainder when p is divided by a.
8
Suppose 0 = -2*s + 4. Suppose -21 = -4*f + 59. Calculate the remainder when 13 is divided by 1 - (f - s)/(-3).
6
Let b = 62 + -39. What is the remainder when 90 is divided by b?
21
Let g = 87 - 70. Calculate the remainder when g is divided by 4.
1
Let b(y) = y - 4. Let k(r) = -r**3 + 4*r**2 + 3*r - 6. Let s be k(4). What is the remainder when b(s) is divided by 1?
0
Let l(i) = -i + 13. Let f be l(6). Suppose -r = 2*u - f*u + 59, -3*u + 5*r = -53. Let m(q) = -q**2 + 5*q. What is the remainder when u is divided by m(3)?
5
Let m(n) = -3*n**3 + 3*n**2 + 7*n + 7. Let d(h) = -4*h**3 + 2*h**2 + 6*h + 8. Let x(c) = 2*d(c) - 3*m(c). What is the remainder when x(7) is divided by 8?
6
Let u(h) = 18*h**2 - 2*h + 2. Suppose 3*f - 122 = 145. Calculate the remainder when f is divided by u(1).
17
Suppose o = 2*s - 1, o = -o + 3*s + 3. Suppose o*c - 7*c - 40 = 0. Calculate the remainder when 58 is divided by c.
18
Let a(p) = -p**3 - 10*p**2 - 14*p - 20. What is the remainder when a(-9) is divided by (-2)/((-1)/(-7)*-2)?
4
Suppose -9 - 3 = -4*n. Suppose 10 = n*l + 4*u, -2*l - 3 + 19 = -2*u. What is the remainder when 22 is divided by l?
4
Suppose -8*y + 3*y + 135 = 0. Calculate the remainder when y is divided by 6/(-10) - (-583)/55.
7
Let m(a) = a**3 - 8*a**2 - 13. Calculate the remainder when m(9) is divided by 18.
14
What is the remainder when 7 is divided by (1 + -1)/2 - -2?
1
Let f(k) = 3*k**2 - 2*k - 1. Let o(y) = -y**2 + 1. Let c be o(2). Suppose 0*h + 3*h = 51. What is the remainder when f(c) is divided by h?
15
Let t be -2 + (6 - 2 - -2). Suppose -t*j - 390 = -18. What is the remainder when -2*(j/(-6))/(-1) is divided by 11?
9
Suppose -c - 2 = -2*c + 3*m, -3*c + m = -6. What is the remainder when (-2 - 0)*(-6)/4 is divided by c?
1
Let r = -29 - -55. Suppose -5*b - 10 = -0*h + 4*h, -4*b = h + 8. Suppose -5*u - 2*t = -h*u - 62, 2*u - 8 = -5*t. Calculate the remainder when r is divided by u.
12
Suppose 4*c = -4*r + 3*r - 11, 5*r - 65 = 4*c. Let q(a) = a**2 + 6*a**2 + r*a**2 - a. What is the remainder when 44 is divided by q(1)?
14
Suppose 2*q - 5 = -s, 2*s = -3*q + 6*q + 3. Suppose 35 = x - s. What is the remainder when x is divided by 10?
8
Let q = 13 +